 -2*q - 3 - f + 2. What is the remainder when g(-2) is divided by 1?
0
Let g = -92 + 98. What is the remainder when 65 is divided by g?
5
What is the remainder when 85 is divided by (-234)/(-9) - (-8)/(-2)?
19
Let d = -80 + 140. Calculate the remainder when d is divided by 1/(1 - (-60)/(-63)).
18
Suppose -5*m + 93 - 3 = 0. What is the remainder when 34 is divided by (m/21)/((-1)/(-21))?
16
What is the remainder when 268/12 - 2/6 is divided by 1 + -1 + (-8)/(-1)?
6
Suppose -2*r + 5*r = 72. What is the remainder when 3*((-47)/3)/(-1) is divided by r?
23
Suppose -5*g = -j + 3 - 19, 0 = -5*g + 10. Calculate the remainder when 58 is divided by j/4*(-200)/15.
18
Calculate the remainder when 4/10 - (-549)/15 is divided by 10.
7
Let k = -5 - -33. What is the remainder when 109 is divided by k?
25
Suppose 11 = 4*l - 1. Suppose -q = -2, 196 = 5*r + 6*q - l*q. Let v(a) = -a**3 + 5*a**2 - 3*a + 4. What is the remainder when r is divided by v(3)?
12
Let w = 71 - 35. Calculate the remainder when 104 is divided by w.
32
Let q be (2 - 0) + -1 + 3. Suppose -2*g - o - 5 = -39, 4*g = q*o + 56. Suppose -a + 2 + 7 = 0. Calculate the remainder when g is divided by a.
7
Calculate the remainder when (48/(-40))/((-4)/30) is divided by 6.
3
Let o = 49 - 42. What is the remainder when 10 is divided by o?
3
Suppose 5*h - 6*u + u = 80, -h + 12 = u. Calculate the remainder when h is divided by 5.
4
Let x(h) = -2*h - 9. Suppose 0 = -v + 3*v, v = -m - 8. Let l = 18 - 6. Calculate the remainder when l is divided by x(m).
5
Let m(n) be the second derivative of 2*n + 1/3*n**3 - 7/20*n**5 + 1/12*n**4 + 0 + 3/2*n**2. What is the remainder when m(-2) is divided by 20?
19
Let v(j) = 89*j**2 + j - 1. Let s = 5 + -4. Calculate the remainder when v(s) is divided by 23.
20
Let y = 57 - 37. Suppose p - 11 = 2*r, 8*p + 3*r = 3*p + 55. What is the remainder when y is divided by p?
9
Suppose 3*a + 5 = 8*a, 5*h - 14 = -4*a. Suppose 0 = -2*j + h, -3*p - 2*j = -p - 88. Calculate the remainder when p is divided by 23.
20
Suppose 0 = -j - 10 - 3. Let h = j + 21. What is the remainder when 23 is divided by h?
7
Suppose -4*n + 4*y + 54 + 14 = 0, 0 = -4*n + 5*y + 68. Calculate the remainder when 28 is divided by n.
11
Suppose 5 = 4*u - 7. Suppose q = -u*q + 16. Suppose 0 = -q*w + 2*w + 5*j + 61, 5*w - 138 = -2*j. Calculate the remainder when w is divided by 15.
13
Suppose -3*m = -2*l - 9, -3*m - l + 2*l = -6. Calculate the remainder when m is divided by ((-21)/(-14))/((-3)/(-2)).
0
Suppose 0*c = 5*c - 160. Let b(w) = -w**2 - 7*w - 5. Let x be b(-5). Suppose -x*r + 105 = 20. What is the remainder when c is divided by r?
15
Let s = 0 + 10. Let j(g) = 6*g - 19. Calculate the remainder when j(8) is divided by s.
9
Let f = 13 - 5. Calculate the remainder when 21 is divided by f.
5
Suppose 350 = 8*b + 2*b. Let i(s) = -s**2 - 7*s + 6. What is the remainder when b is divided by i(-6)?
11
Suppose -6*y + 3*y + 189 = 4*c, -3*c + 145 = -y. Let n = -26 + c. Calculate the remainder when n is divided by 8.
6
Suppose -3*p + 40 = 2*p - u, 0 = -5*u. Calculate the remainder when p is divided by 3.
2
Let m(s) = 2*s - 6. Let r = -12 - -17. Calculate the remainder when 6 is divided by m(r).
2
Let j(a) = a**3 - a**2 + 2. Calculate the remainder when 39 is divided by j(3).
19
Let l = 1 + -4. Calculate the remainder when 46 is divided by 50/4 + l/6.
10
Let l = -1 - 1. Let f(j) = j**3 + j**2 - j + 13. Calculate the remainder when (27 - (-4)/l)*1 is divided by f(0).
12
Suppose -d = -8 - 9. What is the remainder when d is divided by 10?
7
Suppose 20*d + 66 - 346 = 0. Calculate the remainder when 41 is divided by d.
13
Let t = 18 - -9. Let c be (0 - 20/(-16))*56. Suppose -c = -q - 4*q. Calculate the remainder when t is divided by q.
13
Let h(k) = -k**3 + 26*k**2 + k + 18. Calculate the remainder when 172 is divided by h(26).
40
Suppose 5*p - p - 192 = -4*f, -2*f = -5*p + 261. Suppose -7*a + 6*a = -27. Calculate the remainder when p is divided by a.
24
Let y(t) = 4*t + 4. Let h(i) = 9*i + 7. Let o(w) = -6*h(w) + 11*y(w). Suppose -2*m + 31 = 7. Calculate the remainder when o(-2) is divided by m.
10
Let q(m) = m**3 - 11*m**2 + m - 9. Let j be q(11). Suppose -j*g = -g - 4. Calculate the remainder when 26 is divided by (-2)/g + 58/4.
12
Let y be 2/(-8) + (-45)/(-4). Let o = y - 5. Calculate the remainder when (-47)/(-3) - 2/(-6) is divided by o.
4
Suppose 2*o + 0 = 4. Suppose -86 + 23 = p - 2*v, 0 = o*v - 2. Let t = 97 + p. Calculate the remainder when t is divided by 19.
17
Let x(g) = g + 1. Let d be x(0). Let f = d - -1. What is the remainder when (-7)/(-3) + 10/15 is divided by f?
1
Let r(l) = -l - 8. Let j be r(-5). Let g = j - -3. Suppose g*a = a - 9. What is the remainder when a is divided by 5?
4
Let s(v) = -2*v - 7. Let n be s(-6). Suppose 1 = x + 4*t - 0, n*x + 3*t = 56. Calculate the remainder when 50 is divided by x.
11
Let n(z) = z**3 + z**2 - z + 1. Suppose 0*j - 128 = -4*j. Calculate the remainder when j is divided by n(2).
10
Let o = -2 - -6. Suppose -6 = o*m - 14. Let j(u) = u**3 - 2*u + 2. Calculate the remainder when j(m) is divided by 4.
2
Suppose -315 = 22*g - 25*g. Calculate the remainder when g is divided by 12.
9
Suppose 16 = 4*n, 0 = 3*y - 2*n + 71 - 18. Calculate the remainder when 23 is divided by (-15)/(-6)*(-36)/y.
5
Let i(h) = -h**3 - 3*h**2 - 1. Calculate the remainder when (-1 - 58)*1/(-1) is divided by i(-4).
14
Suppose 4*b - 5*r = 63, 4*r + 35 = 2*b - 1. Calculate the remainder when 23 is divided by b.
11
Suppose 2*h - 2*i - 152 = -0*i, i = 5*h - 368. What is the remainder when h is divided by 37?
36
Let r(a) = 14*a**2 - 1. Let b(n) = n + 9. Let y be b(-5). Suppose -y*l + 57 = u, 3*l = 5*u + 4*l - 190. Calculate the remainder when u is divided by r(1).
11
Calculate the remainder when 6 is divided by 1/2 - 15/(-6).
0
Calculate the remainder when 60 is divided by (-76)/(-4) - (-4 - -1).
16
Let p(g) = 34*g**2 - g. What is the remainder when p(1) is divided by 9?
6
Let x = -48 - -67. What is the remainder when x is divided by 7?
5
What is the remainder when 29 is divided by 5/2*(-6 + (16 - 4))?
14
Let h = 85 + -70. Calculate the remainder when 45 is divided by h.
0
Suppose -3*m + u = -126, 0 = 2*m - 3*m + 4*u + 31. Calculate the remainder when m is divided by 17.
9
Let c = -223 - -353. Calculate the remainder when c is divided by 44.
42
Let c = -22 - -25. Let m = 2 - 0. Let p(l) = 3*l**2 - 4*l + 3. What is the remainder when p(m) is divided by c?
1
Let q = -20 - -46. What is the remainder when 129 is divided by q?
25
What is the remainder when 40 is divided by (-6)/14 + (-240)/(-21)?
7
Suppose -49 = 5*k - 5*f - 149, -f = k - 24. Let d(l) = 12*l**3 - l + 1. Let v be d(1). Let u = -4 + v. Calculate the remainder when k is divided by u.
6
Suppose 3*o - 16 = -o. Let w = o - 2. Let l = 8 - 6. Calculate the remainder when l is divided by w.
0
Let x = 0 - -4. Suppose -2*a = x*p - 16, 10 + 2 = 3*p - 4*a. Suppose p*d = -2*m + 54 - 12, 2*d = 5*m - 81. Calculate the remainder when m is divided by 9.
8
What is the remainder when 173 is divided by ((-12)/4)/(9/(-105))?
33
Let z(b) = -4*b - 11. Let x = -17 + -58. Calculate the remainder when (-1)/((-147)/x - 2) is divided by z(-5).
7
Let a(x) = -x**2 - 6*x + 5. Let j(h) = h**3 - 8*h**2 + 7*h - 6. Let q be j(7). Let c be a(q). Let m = c + -4. Calculate the remainder when 1 is divided by m.
0
Let x = -13 + 22. What is the remainder when 17 is divided by x?
8
Let k = 3 + 7. What is the remainder when 49 is divided by k?
9
Let p = -3 - 0. Suppose 9 = n + 4*q, 7*q = 5*n + 3*q - 45. Calculate the remainder when (24 - -2) + 3 + p is divided by n.
8
Let m(b) = 9*b + 12. What is the remainder when 226 is divided by m(5)?
55
Suppose b + 4*b + 47 = 4*k, -5*k + 63 = -2*b. Let g(c) = 2*c**2 + 9*c + 7. What is the remainder when g(-6) is divided by k?
12
What is the remainder when 70 is divided by -30*(14/(-56))/((-2)/(-4))?
10
What is the remainder when 28 is divided by ((6/(-5))/1)/(12/(-150))?
13
Suppose -3*u + 17 - 2 = 0, 2*u + 9 = y. Calculate the remainder when 73 is divided by y.
16
Let r be (0 - (-172)/(-6))*-3. Suppose -r - 19 = j. Let l = j + 148. What is the remainder when l is divided by 15?
13
Suppose 3*l + 12 = 0, 4*f + 2*l = -3*l + 40. Suppose -2*j + 11 = -5. 